 of v(3)?
8
Suppose -d - 3*w = -12, 0 = 4*w - 0*w - 20. Let l be -3*(d - (-5 + 3)). Suppose -5*r = -l*r - 70. What is the tens digit of r?
3
Suppose 211*a - 218*a = -2506. What is the tens digit of a?
5
What is the units digit of 1231/12*4 - (-4)/(-3)?
9
Let o = -55 - -55. Suppose -56 = -4*z - o*z. What is the units digit of z?
4
Suppose -5*s + v + 2902 = 0, 0 = -4*s - 2*v + 6*v + 2328. What is the units digit of s?
0
Let i(r) = r**2 + 9*r - 6. Let l be i(-9). Let y(t) = -11*t + 6. Let v be y(l). Let j = v - 51. What is the units digit of j?
1
Let u = 59 - 99. Let a be (8/(-4) - -4) + 1 + -25. Let t = a - u. What is the tens digit of t?
1
Suppose 3*f + 0*f - 1212 = 0. Suppose -f + 148 = -4*h. What is the units digit of h?
4
Let n = 48 + -41. What is the tens digit of 10/70 - (-181)/n?
2
Let w(m) = 6*m. What is the units digit of w(5)?
0
Let q be 20*(3 + (-22)/8). Suppose 7 = -q*j + 52. What is the units digit of j?
9
Let m = 3258 + -1844. What is the thousands digit of m?
1
Suppose 2*j + 554 = 4*j. Suppose 2*r = -0*r + 2*d + 166, j = 3*r + 4*d. What is the units digit of r?
7
Let f be 241 + 3 + -2 + (6 - 3). Suppose 560 + f = 5*k. What is the units digit of k?
1
Let y(v) = v**3 + 19*v**2 - 31*v + 14. What is the tens digit of y(-18)?
9
Let x(z) = z**3 - 30*z**2 + 27*z + 1. What is the units digit of x(30)?
1
Suppose 8*c - 4*c - 32 = 0. Let p = c - -13. What is the tens digit of p?
2
Let s = 0 - -9. Let i = 24 - -7. Let m = s + i. What is the tens digit of m?
4
Let r = 20 + -16. Suppose 0 = -0*d - d + 27. Suppose 7 = -r*q + d. What is the units digit of q?
5
Let c(y) = 26*y. Let l be c(1). Let i = l + -23. Suppose -5*a - 3 = t, 2*t + a = i - 0. What is the units digit of t?
2
Let r(v) = v**2 + 2*v + 3. Let c be r(-2). Suppose -c*w + 9 = 0, -96 = -4*g + 2*g - 2*w. What is the units digit of 428/18 + 10/g?
4
Let k = 12 + -7. Let y = 485 - 482. Suppose k = y*g - 4. What is the units digit of g?
3
Let j be 117/6*(-20)/(-3). Suppose -c = -5*m + 22 + 223, -3*m = -4*c - j. What is the units digit of m?
0
Let q(h) be the second derivative of -h**5/20 + 2*h**4/3 + h**3/6 + 7*h**2 - 15*h. What is the tens digit of q(7)?
7
Let s(d) = -d**3 - 2*d**2 - d - 1. Suppose 3*j - k = -12, 0 = -j - 3*k - 4. What is the units digit of s(j)?
5
Let v = -92 + 180. What is the tens digit of v?
8
Let t(x) = x**3 + 4*x**2 - 2*x - 3. Let b be -1 + 9/3 + -6. Let a be t(b). What is the units digit of a/4*(37 - 5)?
0
What is the tens digit of 1347 + -8*6/12 - 6?
3
Let o(j) = -2 - 3 - 2 - 11*j + 0. What is the units digit of o(-2)?
5
Suppose 2*h - 4*w = 2366, 0 = -4*h + 3*w + 1099 + 3608. What is the hundreds digit of h?
1
Let f(s) = -1120*s + 15 + 14 + 1084*s. What is the tens digit of f(-8)?
1
Let z = -168 - 32. Let l = -130 - z. What is the tens digit of l?
7
Suppose 43*z = 37*z + 1380. What is the units digit of z?
0
Let w(f) = f**3 + 330. What is the units digit of w(0)?
0
Let r(h) = 0 + 2*h + 1 + 22. Let t be r(-13). What is the units digit of (-1 - -37) + 9/t?
3
What is the tens digit of ((-1156)/(-16))/(2/48*3)?
7
Suppose -2*u - 10 = 3*t, -u + 13 = 3*t - 6*t. What is the tens digit of 9 + -12*u/(-3)?
1
Suppose 4*m + 24 + 4 = -3*t, -5*m + 2*t - 12 = 0. Let q(b) = 2*b**3 + 5*b**2 - 4*b - 3. Let l be q(m). Let h = 2 - l. What is the tens digit of h?
3
Let r be 5/4 + -1 - 12395/(-20). Suppose -4*v + r = v. What is the tens digit of v?
2
Let g be (-6)/9 - (-2984)/(-6). Let x = g - 345. What is the units digit of x/(-21) - 2/14?
0
Suppose 5*b - b - 3*r = -533, 5*b - 3*r + 664 = 0. Let l = b - -87. Let u = l - -80. What is the units digit of u?
6
Let j(o) = 16*o**2 - 29*o - 64. What is the units digit of j(14)?
6
Let u = 74 + -127. Let i = 56 + u. What is the units digit of i?
3
Let x = 117 - 253. Let o = -113 - x. What is the tens digit of o?
2
Suppose 19*o = 22*o - 6. Suppose -3*r + 214 = -f + o*f, 0 = -5*r - 2*f + 355. What is the units digit of r?
3
Suppose 4*w = 960 + 1740. Suppose 5*z = 2*z + w. Suppose -7*k = -2*k - z. What is the units digit of k?
5
Let w(d) = 10*d**2 - 7*d - 49. What is the hundreds digit of w(-7)?
4
Suppose -5*n + 2*s - 100 = 0, n + 4*s = -4*n - 100. Let p be -1 - (13 - -4) - -3. What is the tens digit of ((-39)/p)/((-4)/n)?
1
Let l = 792 - -14. What is the hundreds digit of l?
8
Let s = 991 - 386. What is the hundreds digit of s?
6
Let g = 104 + -62. Suppose -5*n + 93 = -g. What is the tens digit of n?
2
Let o = 10 - -15. Let z = o + 55. Suppose v + z = 5*v. What is the units digit of v?
0
What is the units digit of 19390/21*18/10?
2
Let b(j) be the second derivative of 5*j - 1/20*j**5 + 0 + 1/3*j**3 + j**2 - 1/12*j**4. What is the units digit of b(-2)?
2
Let l(r) = r**3 + r**2 - 2*r + 114. Let y be l(0). Suppose 5*o - y = -4. What is the units digit of o?
2
Suppose 0 = -8*r - 2040 + 13632. What is the hundreds digit of r?
4
Let x(y) = 11*y - 64. What is the units digit of x(6)?
2
Suppose 5*y - 1290 = -280. Let t = 294 - y. What is the units digit of t?
2
Let w = -393 - -733. What is the hundreds digit of w?
3
Let n(z) = -z + 8. Let s be n(3). Suppose d = -h - 99, -2*d = -s*d + 9. Let v = -41 - h. What is the units digit of v?
1
Suppose 0 = 5*w - 7*j + 4*j - 64, 4*j = 4*w - 56. What is the units digit of w?
1
Let f = -385 + 1244. What is the tens digit of f?
5
Suppose 28*d = 26*d + 948. What is the hundreds digit of d?
4
Let c(j) = -69*j - 148. What is the tens digit of c(-11)?
1
Suppose 2*w + 0 = -3*v + 1, -5*w = -4*v - 14. Suppose -w*z = 2*z - 48. What is the tens digit of z?
1
What is the units digit of (815/20)/(2/8)?
3
Let b be (-2)/6 - 8/3. Let l = b + -7. What is the units digit of 70/21*(-12)/l?
4
Suppose 1 + 11 = 4*u. Let i = u + -3. Let h = 7 + i. What is the units digit of h?
7
Let n be (-11 + 26)*((-2)/6)/1. What is the tens digit of 2*(82/4 - n)?
5
Let m = 59 - 59. Suppose -5*s - 8 = -3*z - 0*s, m = 4*s - 8. What is the units digit of z?
6
Let i be (40/(-12) + 4)*6. Suppose -n = -2*n + i. Suppose 0*f + f - 149 = -4*k, 0 = n*k - f - 155. What is the units digit of k?
8
Let w(q) = q**2 + 8*q - 27. Let b be w(14). Suppose 0 = -4*i + 4*j + 19 + b, -2*i + 185 = 5*j. What is the tens digit of i?
8
Suppose 0 = -3*y - u + 931, -3*y - 3*u - 297 = -4*y. What is the tens digit of y?
0
Suppose 2*n + 3*h = 6410, -44*n - 5*h - 12864 = -48*n. What is the thousands digit of n?
3
Suppose 3*q = n - 72, 0 = 4*n + 5*q - 136 - 203. What is the tens digit of n?
8
What is the thousands digit of 150/(-45)*(-3624)/10?
1
Let r be 33/12 - 15/(-12). Suppose -4*n + r*m = -96, -5*n + 162 = -m + 42. What is the tens digit of n?
2
Let d = -144 - -251. Let f = -67 + d. What is the tens digit of f?
4
Let b(l) = 5*l**2 + 11*l + 15. Let z(m) = m**2 + 1. Suppose -3*t + 0*t = 9, -23 = 5*x + t. Let k(f) = x*z(f) + b(f). What is the tens digit of k(-11)?
1
Let f(j) = 3*j**2 + j. Let d be f(1). Suppose 4*y = d*n + 84, -5*n - 16 - 1 = -y. Let t = -7 + y. What is the tens digit of t?
1
Let f(h) = h + 6. Let i be f(2). What is the hundreds digit of -1 + ((-1732)/(-8) - 4/i)?
2
What is the units digit of (-4 - (-66)/18)/(2/(-6786))?
1
Let f = -14 + 11. Let l be 3 - f - (5 - 3). Suppose -y - 86 = -l*y + r, -2*y = -r - 57. What is the units digit of y?
9
Let o(s) = -21*s + 1. Suppose 0 = -3*w - 0*w + 3. Suppose 4*y - w = 5*y. What is the units digit of o(y)?
2
Suppose 4*t = -s + 421, -2*t = s - 315 - 102. What is the hundreds digit of s?
4
Suppose 90*u - 17264 = 86*u. What is the thousands digit of u?
4
Suppose 0*g + 3*q - 2 = 2*g, -2*q = -3*g + 7. Suppose 0*i - 2*x = 3*i - 26, -3*i - g*x = -29. What is the units digit of (6/(-8))/((-3)/i)?
2
Suppose 2*o - 7505 = -3*q, -8*o + 5 = -3*o. What is the tens digit of q?
0
Let p(q) = -41*q + 22. What is the tens digit of p(-5)?
2
Let l be ((-1)/(-2))/(1/18). Let t(g) = g**3 + 2*g**2 - 20*g + 28. Let f be t(-6). Suppose 3*j = f*j - l. What is the units digit of j?
9
Suppose -128*z - 12964 = -142*z. What is the tens digit of z?
2
Suppose 22 = s - 0*s. Let l = s + 26. What is the units digit of l?
8
Let g(i) = -i**3 - 6*i**2 + i + 6. Let x be g(-6). Suppose -2*q = 3*q - 150. What is the units digit of 1 + q - (x - 2)?
3
Suppose -2 = -3*w + 4*v, -2*v - 6 = -w - 3*w. Suppose 186 = w*a - 4*t, 0 = 2*a + 4*t + t - 168. What is the units digi